t m be o(4). Let c = m + f. What is the greatest common factor of c and 12?
12
Let i(t) = -t**3 + 91*t**2 - 36*t - 89. Let m be i(90). What is the greatest common divisor of 13 and m?
13
Suppose 12*t + 6*t = 6318. Let j be t/(-36)*32/(-6). What is the greatest common divisor of j and 156?
52
Let p = -187 - 215. Let a be 6/(-33) - p/33. Let t(j) = j**3 - 19*j**2 - 38*j + 36. Let o be t(21). Calculate the highest common factor of o and a.
12
Let r be 33/2 + 11/(-22). Suppose -4*b = 2*u + 36, -5*b - 39 = 3*u + r. Let c = u + 44. Calculate the highest common divisor of 120 and c.
24
Let v(g) = -30*g - 1479. Let z be v(-51). Calculate the highest common factor of 501 and z.
3
Suppose -54*a - 460 = -4132. What is the highest common factor of 646 and a?
34
Let h(s) = 8*s - 216. Let w be h(29). Suppose -48 = -w*z + 32. Calculate the greatest common factor of z and 605.
5
Let s(b) = -3*b**2 + 135*b - 354. Let z be s(42). Calculate the greatest common divisor of 1668 and z.
12
Suppose -g + 0 = -4*d - 15, 0 = -5*d + 10. Suppose 0 = -4*p - 280 + 92. Let u = p + 93. What is the greatest common divisor of u and g?
23
Let o be 264/99*(8/40 - (-26533)/10). Calculate the greatest common divisor of 232 and o.
116
Let f = -14646 + 15324. Calculate the highest common divisor of f and 9.
3
Suppose 16417 = 319*o - 19001 + 13088. Calculate the highest common factor of 896 and o.
14
Let p(c) = -c - 8. Let j be p(-10). Suppose 3*s - 246 + 64 = -k, 4*k + j*s - 728 = 0. Let z = 5851 - 5837. Calculate the highest common factor of k and z.
14
Let k be (-8)/(-5)*75/30. Suppose -2*m + r + 181 = 0, -7*r = -11*r - k. Calculate the greatest common factor of 40 and m.
10
Let g be 1 - (-11)/((-44)/(-48)). Let j = g - 28. Let q be (-580)/j - (-1)/3. Calculate the greatest common factor of q and 117.
39
Suppose 4*g = -5*g + 90. Suppose g = 4*v - 6. Suppose -3*y + 90 = -7*c + 4*c, -5*c - 118 = -4*y. Calculate the highest common divisor of v and y.
4
Let h(g) = -g**2 - 191*g - 7611. Let v be h(-57). Calculate the greatest common divisor of 13149 and v.
27
Suppose -9*d = -4*d + 15, 2*v + 3*d = 919. What is the highest common factor of v and 3596?
116
Suppose -17*n + 45944 + 19821 = -15937. What is the greatest common divisor of n and 6?
6
Let w(z) = z**3 - 22*z**2 - 7*z + 162. Let m be w(22). Suppose 13*p + 970 = 5*s + m*p, p = -3*s + 562. What is the highest common divisor of s and 7?
7
Let r = 391 - 205. Let d = r - 176. What is the greatest common divisor of 230 and d?
10
Let d be (-2)/(-9) - (-30832)/738. Calculate the greatest common divisor of 210 and d.
42
Suppose 0 = 4*o + 3*c - 67, o - 3*c + 0*c = -2. Suppose 3*h - 288 = 4*t, 3*t - o = -4. Calculate the greatest common divisor of 125 and h.
25
Suppose -3*i - 185 = -3*t + 175, -i + 485 = 4*t. Calculate the highest common factor of t and 11737.
121
Let d = -57 + 65. Let r = 52 - d. Calculate the highest common divisor of 12 and r.
4
Let f(d) = -d + 735. Let z be f(-3). Suppose t - 3 = -3*l, -3*l + 4*l = -5. What is the greatest common factor of t and z?
18
Let w = -133799 + 133808. Let x(j) = j**3 - j**2 + 4*j - 1. Let p be x(4). Calculate the greatest common divisor of p and w.
9
Let d = 14772 + -14476. What is the greatest common divisor of 9916 and d?
148
Let c(i) = 8*i + 1. Let p be c(1). Let x(l) = -p - 2*l + 1 + 8. Let g be x(-4). Calculate the greatest common divisor of g and 1.
1
Let t(r) = -16*r - 141. Let c be t(-9). Suppose 3*f - 2*v + c*v - 179 = 0, -v = 2*f - 119. Calculate the highest common divisor of 540 and f.
60
Let w be -9*(-5)/(-6 + 11). Let m be (78/w)/(111/54 + -2). Calculate the greatest common factor of m and 104.
52
Let h be ((-273)/(-8) - -1) + 17 + (-2055)/120. Calculate the highest common factor of h and 4375.
35
Let a be ((-2 + -3)/15 - 0)*-279. Suppose -a = -3*q - 48. Calculate the highest common divisor of q and 5.
5
Let u = 17931 - 17911. Calculate the highest common divisor of u and 44.
4
Suppose -6 = 2*d - 0, -3*m - 4*d = -81. Let k be ((-2)/(-5) + (-1431)/450*5)*-68. What is the greatest common factor of k and m?
31
Let o = -2514 + 3288. What is the greatest common divisor of o and 473?
43
Suppose 4*f = 8, 9*f - 14*f = 4*p - 4974. What is the greatest common divisor of 2263 and p?
73
Let v(n) = 52*n**2 + 23*n - 45. Let j be v(2). Let p(d) = 2*d**2 + 3*d - 1. Let m be p(-4). Calculate the greatest common factor of m and j.
19
Let m be (42/(-8))/(34/((-1679328)/54)). What is the highest common factor of m and 14?
14
Suppose -10866 = -94*w + 33878. Calculate the greatest common divisor of w and 21.
7
Let a be ((-960)/(-105))/16 - 258/(-14). Suppose -19*n + 15 = -14*n. Calculate the greatest common divisor of a and n.
1
Suppose 0 = -4*m - m - 240. Let z = -22 - m. Suppose p + 4*h - 13 = z, 2*h = 4. Calculate the highest common divisor of 155 and p.
31
Suppose 8*v + 438 = 2*v. Let n = v + 141. What is the greatest common factor of 34 and n?
34
Let v be (-91)/2*(-14536)/553. What is the highest common divisor of v and 312?
52
Let i(h) = 2*h**2 + 24*h + 4. Let z be i(-12). Suppose z*r + f - 149 = 0, -4*r = f + f - 150. What is the highest common divisor of 407 and r?
37
Let w be (288/(-40))/((-4)/490) + (-143 - -135). Calculate the highest common divisor of w and 1368.
38
Suppose -4*z - 62 + 206 = 0. Suppose w + o - 36 = -w, -2*w + z = -o. Let m be (-26)/(-6) + 1 + (-6)/w. What is the greatest common factor of 20 and m?
5
Suppose 52*y - 16890 = 47*y - x, -y + 3378 = -x. Calculate the greatest common divisor of y and 6.
6
Let f(j) = -11*j + 3. Let l be f(-2). Suppose -l = -9*v + 4*v. Let o = 8 + v. Calculate the greatest common divisor of o and 13.
13
Suppose 345 = 81*w - 708. Suppose -4*q = -3*q - 15. Suppose a + 2 = q. Calculate the highest common divisor of a and w.
13
Let z = 3 - -23. Suppose 22*j - 21*j = 3*b + z, -2*b = 5*j - 198. Calculate the greatest common divisor of j and 38.
38
Suppose 33 = 5*p + 13. Let w be (0 + p)*(-861)/(-28). Let u = -112 + 194. What is the greatest common factor of w and u?
41
Suppose -13*o = 268 - 2543. Let h be (17 - -8)*(-4 - -6). What is the greatest common factor of o and h?
25
Suppose -116 = -4*w - 90*h + 95*h, 3*w = 3*h + 84. Calculate the greatest common factor of w and 732.
12
Let g be (2/4*(-2)/(-3))/(11/2640). What is the highest common divisor of g and 2160?
80
Suppose 4*b + 136 = 3*a - 121, -2*b + 176 = 2*a. Suppose -a*y - 42 = -89*y. Let r(l) = l + 3. Let z be r(4). What is the greatest common divisor of y and z?
7
Let y = 5308 + -5154. Calculate the greatest common divisor of y and 4466.
154
Suppose -9*k + 35 - 11 = 15. What is the highest common factor of k and 491?
1
Let t(g) = 4*g**3 - 3*g**2 + 19*g - 44. Let y be t(5). Calculate the greatest common factor of 595 and y.
119
Suppose -5*i + 3*j + 6636 = 0, 0 = -4*i + 8*i + 5*j - 5257. Calculate the highest common factor of 56 and i.
7
Suppose 0 = 2*a - 5*a - 18. Let g = 3 - a. Suppose 10*c + 185 = 5*i + 5*c, 103 = 3*i + 5*c. Calculate the greatest common factor of i and g.
9
Let w = 96 + 14. Let o = 24 - 19. Let c(m) = 3*m - 5. Let z be c(o). What is the highest common divisor of w and z?
10
Let t be (2171 + -2 - -3) + (4 - 0). Suppose 4*j = -4*i + t, -2161 = 11*i - 15*i - j. Calculate the highest common divisor of 77 and i.
77
Let h = 568 + -570. Let t(n) = 30*n**2 + 15*n + 27. Let v be t(h). Suppose -3*w + 15 = -24. What is the greatest common divisor of v and w?
13
Let z = -21062 - -21067. What is the highest common divisor of 13355 and z?
5
Let s = -39 - -64. Suppose 4*n + u = -0*u + 602, 3*u = -2*n + 306. Calculate the highest common factor of s and n.
25
Let x be (-356052)/(-414) - (-78)/(-2691). What is the greatest common divisor of x and 3?
1
Let u = 203 - 198. Suppose 2*v = -6*m + u*m + 16, v = m - 10. What is the greatest common divisor of 234 and m?
6
Let m(f) = 137*f**3 - f - 25 - 70*f**3 + 3*f - 66*f**3 - 12*f + 8*f**2. Let z be m(-8). What is the greatest common divisor of z and 110?
55
Suppose -5*r - 928 = -2*x, 2*x - 6*x + 5*r + 1846 = 0. Let m(k) = k**3 + 22*k**2 + 106*k + 32. Let t be m(-15). What is the greatest common factor of t and x?
17
Suppose 7*w - 3*w - 17 = 3*i, -3*w = 4*i + 6. Suppose 3*l - 3*u = w*l + 33, 0 = -2*u + 10. Calculate the greatest common factor of l and 